{"id":43,"date":"2018-02-27T14:00:58","date_gmt":"2018-02-27T14:00:58","guid":{"rendered":"http:\/\/aus-liebe-zum-pferd.de\/?page_id=43"},"modified":"2021-02-11T10:48:11","modified_gmt":"2021-02-11T10:48:11","slug":"fuetterung","status":"publish","type":"page","link":"https:\/\/aus-liebe-zum-pferd.de\/?page_id=43","title":{"rendered":"F\u00fctterung"},"content":{"rendered":"\t\t<div data-elementor-type=\"wp-page\" data-elementor-id=\"43\" class=\"elementor elementor-43\" data-elementor-settings=\"[]\">\n\t\t\t\t\t\t<div class=\"elementor-inner\">\n\t\t\t\t\t\t\t<div class=\"elementor-section-wrap\">\n\t\t\t\t\t\t\t<section class=\"elementor-section elementor-top-section elementor-element elementor-element-74ca2230 elementor-section-boxed elementor-section-height-default elementor-section-height-default\" data-id=\"74ca2230\" data-element_type=\"section\">\n\t\t\t\t\t\t<div class=\"elementor-container elementor-column-gap-default\">\n\t\t\t\t\t\t\t<div class=\"elementor-row\">\n\t\t\t\t\t<div class=\"elementor-column elementor-col-100 elementor-top-column elementor-element elementor-element-2bc68cb\" data-id=\"2bc68cb\" data-element_type=\"column\">\n\t\t\t<div class=\"elementor-column-wrap elementor-element-populated\">\n\t\t\t\t\t\t\t<div class=\"elementor-widget-wrap\">\n\t\t\t\t\t\t<div class=\"elementor-element elementor-element-27c5541 elementor-widget elementor-widget-text-editor\" data-id=\"27c5541\" data-element_type=\"widget\" data-widget_type=\"text-editor.default\">\n\t\t\t\t<div class=\"elementor-widget-container\">\n\t\t\t\t\t<div class=\"elementor-text-editor elementor-clearfix\"><h4>Nat\u00fcrliches Fre\u00dfverhalten<\/h4><figure id=\"attachment_44\" aria-describedby=\"caption-attachment-44\" style=\"width: 300px\" class=\"wp-caption alignright\"><img loading=\"lazy\" class=\"wp-image-44 size-medium\" src=\"http:\/\/aus-liebe-zum-pferd.de\/wp-content\/uploads\/2018\/02\/P1030957-300x225.jpg\" alt=\"\" width=\"300\" height=\"225\" srcset=\"https:\/\/aus-liebe-zum-pferd.de\/wp-content\/uploads\/2018\/02\/P1030957-300x225.jpg 300w, https:\/\/aus-liebe-zum-pferd.de\/wp-content\/uploads\/2018\/02\/P1030957-600x450.jpg 600w, https:\/\/aus-liebe-zum-pferd.de\/wp-content\/uploads\/2018\/02\/P1030957-768x576.jpg 768w, https:\/\/aus-liebe-zum-pferd.de\/wp-content\/uploads\/2018\/02\/P1030957-1024x768.jpg 1024w\" sizes=\"(max-width: 300px) 100vw, 300px\" \/><figcaption id=\"caption-attachment-44\" class=\"wp-caption-text\">nat\u00fcrliche Fresshaltung<\/figcaption><\/figure><p>\u00a0<\/p><p>In der Natur nehmen die Pferde das Futter auf w\u00e4hrend sie langsam durch das Gel\u00e4nde laufen. Sie haben dabei ihren Kopf gesenkt.<\/p><h4>\u00a0<\/h4><h4>\u00a0<\/h4><h4>\u00a0<\/h4><h4>Futterautomat<\/h4><p>Um dem nat\u00fcrlichen Fre\u00dfverhalten m\u00f6glichst nahe zu kommen werden unsere Pferde \u00fcber einen Futterautomaten mit Rau- und Kraftfutter versorgt. Dies erm\u00f6glicht die mehrmalige F\u00fctterung pro Tag und gleichzeitig eine umfassende Kontrolle. Alle Daten werden vom Computer erfa\u00dft und gespeichert. Auf diese Weise werden Schwierigkeiten der F\u00fctterung, durch die i.d.R. inhomogene Zusammensetzung\u00a0 der Gruppen entsteht, weitgehend vermieden. Jedes Pferd kann individuell nach seinen Bed\u00fcrfnissen versorgt werden.<\/p><p>Die mehrmalige F\u00fctterung von Raufutter am Tag kommt der nat\u00fcrlichen Futteraufnahme beim Ziehen durch die Landschaft sehr nahe. Gleichzeitig werden Bewegungsanreize gesetzt, weil die Tiere \u00f6fter bei den Futterstationen vorbeischauen.<\/p><figure id=\"attachment_223\" aria-describedby=\"caption-attachment-223\" style=\"width: 300px\" class=\"wp-caption alignleft\"><img loading=\"lazy\" class=\"wp-image-223 size-medium\" src=\"http:\/\/aus-liebe-zum-pferd.de\/wp-content\/uploads\/2018\/03\/Stroh-oben-300x200.jpg\" alt=\"\" width=\"300\" height=\"200\" srcset=\"https:\/\/aus-liebe-zum-pferd.de\/wp-content\/uploads\/2018\/03\/Stroh-oben-300x200.jpg 300w, https:\/\/aus-liebe-zum-pferd.de\/wp-content\/uploads\/2018\/03\/Stroh-oben-600x400.jpg 600w, https:\/\/aus-liebe-zum-pferd.de\/wp-content\/uploads\/2018\/03\/Stroh-oben-768x512.jpg 768w, https:\/\/aus-liebe-zum-pferd.de\/wp-content\/uploads\/2018\/03\/Stroh-oben-1024x683.jpg 1024w\" sizes=\"(max-width: 300px) 100vw, 300px\" \/><figcaption id=\"caption-attachment-223\" class=\"wp-caption-text\">Strohraufe<\/figcaption><\/figure><p>Gleichzeitig haben sie immer die M\u00f6glichkeit auf die Koppel zu gehen oder an der Strohraufe am Stroh zu nagen. So wird das Fre\u00dfbed\u00fcrfnis jederzeit gestillt und die zur S\u00e4ttigung notwendigen Kauschl\u00e4ge sind sichergestellt.<\/p><h4>\u00a0<\/h4><h4>\u00a0<\/h4><p>\u00a0<\/p><h4>Computergesteuerte F\u00fctterungsanlage<\/h4><figure id=\"attachment_222\" aria-describedby=\"caption-attachment-222\" style=\"width: 225px\" class=\"wp-caption alignright\"><img loading=\"lazy\" class=\"size-medium wp-image-222\" src=\"http:\/\/aus-liebe-zum-pferd.de\/wp-content\/uploads\/2018\/03\/Futtertisch-225x300.jpg\" alt=\"\" width=\"225\" height=\"300\" \/><figcaption id=\"caption-attachment-222\" class=\"wp-caption-text\">Futtertisch mit Zug\u00e4ngen<\/figcaption><\/figure><p>Die computergesteuerte Futteranlage erm\u00f6glicht, da\u00df jedes Pferd individuell mit Raufutter versorgt wird. Die meisten Pferde haben den dazu notwendigen Transponder implantiert. Manche haben ihn auch in der M\u00e4hne eingeflochten, was aber immer die Gefahr birgt, da\u00df er verlorengeht, sei es beim W\u00e4lzen oder Spielen. Die Fre\u00dfzeit wird f\u00fcr jedes Pferd einzeln eingestellt und der Zugang dann f\u00fcr diese Zeit freigegeben. Die Tagesration wird in 8 Portionen gleichm\u00e4\u00dfig \u00fcber 24 Stunden verteilt gef\u00fcttert.<\/p><p>Auch das Kraftfutter wird \u00fcber die automatische Anlage gef\u00fcttert. Hier gibt es allerdings nur 3 Portionen am Tag, weil die Gesamtmenge klein ist und gar nicht weiter aufgeteilt werden k\u00f6nnte.<\/p><\/div>\n\t\t\t\t<\/div>\n\t\t\t\t<\/div>\n\t\t\t\t\t\t<\/div>\n\t\t\t\t\t<\/div>\n\t\t<\/div>\n\t\t\t\t\t\t\t\t<\/div>\n\t\t\t\t\t<\/div>\n\t\t<\/section>\n\t\t\t\t\t\t<\/div>\n\t\t\t\t\t\t<\/div>\n\t\t\t\t\t<\/div>\n\t\t","protected":false},"excerpt":{"rendered":"<div class=\"entry-summary\">\nNat\u00fcrliches Fre\u00dfverhalten In der Natur nehmen die Pferde das Futter auf w\u00e4hrend sie langsam durch das Gel\u00e4nde laufen. Sie haben dabei ihren Kopf gesenkt. &nbsp; &nbsp; &nbsp; Futterautomat Um dem nat\u00fcrlichen Fre\u00dfverhalten m\u00f6glichst nahe zu kommen werden unsere Pferde \u00fcber&hellip;\n<\/div>\n<div class=\"link-more\"><a href=\"https:\/\/aus-liebe-zum-pferd.de\/?page_id=43\" class=\"more-link\">Continue reading<span class=\"screen-reader-text\"> &ldquo;F\u00fctterung&rdquo;<\/span>&hellip;<\/a><\/div>\n","protected":false},"author":1,"featured_media":0,"parent":697,"menu_order":1,"comment_status":"closed","ping_status":"closed","template":"elementor_header_footer","meta":[],"_links":{"self":[{"href":"https:\/\/aus-liebe-zum-pferd.de\/index.php?rest_route=\/wp\/v2\/pages\/43"}],"collection":[{"href":"https:\/\/aus-liebe-zum-pferd.de\/index.php?rest_route=\/wp\/v2\/pages"}],"about":[{"href":"https:\/\/aus-liebe-zum-pferd.de\/index.php?rest_route=\/wp\/v2\/types\/page"}],"author":[{"embeddable":true,"href":"https:\/\/aus-liebe-zum-pferd.de\/index.php?rest_route=\/wp\/v2\/users\/1"}],"replies":[{"embeddable":true,"href":"https:\/\/aus-liebe-zum-pferd.de\/index.php?rest_route=%2Fwp%2Fv2%2Fcomments&post=43"}],"version-history":[{"count":51,"href":"https:\/\/aus-liebe-zum-pferd.de\/index.php?rest_route=\/wp\/v2\/pages\/43\/revisions"}],"predecessor-version":[{"id":962,"href":"https:\/\/aus-liebe-zum-pferd.de\/index.php?rest_route=\/wp\/v2\/pages\/43\/revisions\/962"}],"up":[{"embeddable":true,"href":"https:\/\/aus-liebe-zum-pferd.de\/index.php?rest_route=\/wp\/v2\/pages\/697"}],"wp:attachment":[{"href":"https:\/\/aus-liebe-zum-pferd.de\/index.php?rest_route=%2Fwp%2Fv2%2Fmedia&parent=43"}],"curies":[{"name":"wp","href":"https:\/\/api.w.org\/{rel}","templated":true}]}}