{"id":159,"date":"2018-03-02T10:57:25","date_gmt":"2018-03-02T10:57:25","guid":{"rendered":"http:\/\/aus-liebe-zum-pferd.de\/?page_id=159"},"modified":"2021-02-11T10:50:09","modified_gmt":"2021-02-11T10:50:09","slug":"sozialkontakte","status":"publish","type":"page","link":"https:\/\/aus-liebe-zum-pferd.de\/?page_id=159","title":{"rendered":"Sozialkontakte"},"content":{"rendered":"\t\t<div data-elementor-type=\"wp-page\" data-elementor-id=\"159\" class=\"elementor elementor-159\" data-elementor-settings=\"[]\">\n\t\t\t\t\t\t<div class=\"elementor-inner\">\n\t\t\t\t\t\t\t<div class=\"elementor-section-wrap\">\n\t\t\t\t\t\t\t<section class=\"elementor-section elementor-top-section elementor-element elementor-element-44939493 elementor-section-boxed elementor-section-height-default elementor-section-height-default\" data-id=\"44939493\" data-element_type=\"section\">\n\t\t\t\t\t\t<div class=\"elementor-container elementor-column-gap-default\">\n\t\t\t\t\t\t\t<div class=\"elementor-row\">\n\t\t\t\t\t<div class=\"elementor-column elementor-col-100 elementor-top-column elementor-element elementor-element-4fad3260\" data-id=\"4fad3260\" data-element_type=\"column\">\n\t\t\t<div class=\"elementor-column-wrap elementor-element-populated\">\n\t\t\t\t\t\t\t<div class=\"elementor-widget-wrap\">\n\t\t\t\t\t\t<div class=\"elementor-element elementor-element-73c25400 elementor-widget elementor-widget-text-editor\" data-id=\"73c25400\" data-element_type=\"widget\" data-widget_type=\"text-editor.default\">\n\t\t\t\t<div class=\"elementor-widget-container\">\n\t\t\t\t\t<div class=\"elementor-text-editor elementor-clearfix\"><h4>Soziales Verhalten<\/h4><p>Entscheidend f\u00fcr die Gesunderhaltung des Herdentieres Pferd sind die Sozialkontakte. Das wird durch die Haltung in Gruppen mit Mitgliedern verschiedenen Alters und verschiedener Rassen sowie verschiedenen Geschlechts (au\u00dfer Hengsten) gew\u00e4hrleistet. Anders als in der Natur mu\u00df aber hier der Mensch Einflu\u00df auf die Zusammenstellung der Gruppe nehmen. Kommt ein neues Pferd in die Herde, mu\u00df es sich zuerst bekannt machen und wird von jedem erst mal begutachtet.<\/p><p>Der Stallmanager ist daher besonders gefordert eine m\u00f6glichst optimale Gruppenzusammensetzung zu erreichen. Dabei ist die ben\u00f6tigte Futtermenge nur ein kleiner Bestandteil der \u00dcberlegungen. Wichtig ist vor allem, da\u00df die Pferde charakterlich zusammenpassen.<\/p><figure id=\"attachment_403\" aria-describedby=\"caption-attachment-403\" style=\"width: 450px\" class=\"wp-caption alignright\"><img loading=\"lazy\" class=\"wp-image-403\" src=\"http:\/\/aus-liebe-zum-pferd.de\/wp-content\/uploads\/2018\/03\/wild-70249_1920-300x203.jpg\" alt=\"\" width=\"450\" height=\"305\" srcset=\"https:\/\/aus-liebe-zum-pferd.de\/wp-content\/uploads\/2018\/03\/wild-70249_1920-300x203.jpg 300w, https:\/\/aus-liebe-zum-pferd.de\/wp-content\/uploads\/2018\/03\/wild-70249_1920-768x520.jpg 768w, https:\/\/aus-liebe-zum-pferd.de\/wp-content\/uploads\/2018\/03\/wild-70249_1920-1024x694.jpg 1024w, https:\/\/aus-liebe-zum-pferd.de\/wp-content\/uploads\/2018\/03\/wild-70249_1920.jpg 1420w\" sizes=\"(max-width: 450px) 100vw, 450px\" \/><figcaption id=\"caption-attachment-403\" class=\"wp-caption-text\">gegenseitiges Kennenlernen<\/figcaption><\/figure><h4>\u00a0<\/h4><h4>Rangordnung<\/h4><p>Auf den gro\u00dfen Fl\u00e4chen k\u00f6nnen die Pferde ihrem Bewegungsbed\u00fcrfnis bei gleichzeitig intensivem Sozialkontakt nachgehen. Sie n\u00fctzen dabei die Gelegenheit\u00a0 ihre Bewegungsm\u00f6glichkeiten zu testen. Gleichzeitig wird der Platz in der Rangordnung der Herde festgestellt.<\/p><h4>\u00a0<\/h4><h4>\u00a0<\/h4><h4>Sicherheit<\/h4><figure id=\"attachment_93\" aria-describedby=\"caption-attachment-93\" style=\"width: 1024px\" class=\"wp-caption aligncenter\"><img loading=\"lazy\" class=\"wp-image-93 size-large\" src=\"http:\/\/aus-liebe-zum-pferd.de\/wp-content\/uploads\/2018\/02\/cropped-05-09-2011-13-7-1024x575.jpg\" alt=\"\" width=\"1024\" height=\"575\" srcset=\"https:\/\/aus-liebe-zum-pferd.de\/wp-content\/uploads\/2018\/02\/cropped-05-09-2011-13-7-1024x575.jpg 1024w, https:\/\/aus-liebe-zum-pferd.de\/wp-content\/uploads\/2018\/02\/cropped-05-09-2011-13-7-600x337.jpg 600w, https:\/\/aus-liebe-zum-pferd.de\/wp-content\/uploads\/2018\/02\/cropped-05-09-2011-13-7-300x169.jpg 300w, https:\/\/aus-liebe-zum-pferd.de\/wp-content\/uploads\/2018\/02\/cropped-05-09-2011-13-7-768x432.jpg 768w, https:\/\/aus-liebe-zum-pferd.de\/wp-content\/uploads\/2018\/02\/cropped-05-09-2011-13-7.jpg 1920w\" sizes=\"(max-width: 1024px) 100vw, 1024px\" \/><figcaption id=\"caption-attachment-93\" class=\"wp-caption-text\">entspannte Ruhe auf der Koppel<\/figcaption><\/figure><figure id=\"attachment_190\" aria-describedby=\"caption-attachment-190\" style=\"width: 440px\" class=\"wp-caption alignright\"><img loading=\"lazy\" class=\"wp-image-190 size-full\" src=\"http:\/\/aus-liebe-zum-pferd.de\/wp-content\/uploads\/2018\/03\/ruhen3.jpg\" alt=\"\" width=\"440\" height=\"586\" srcset=\"https:\/\/aus-liebe-zum-pferd.de\/wp-content\/uploads\/2018\/03\/ruhen3.jpg 440w, https:\/\/aus-liebe-zum-pferd.de\/wp-content\/uploads\/2018\/03\/ruhen3-225x300.jpg 225w\" sizes=\"(max-width: 440px) 100vw, 440px\" \/><figcaption id=\"caption-attachment-190\" class=\"wp-caption-text\">Gemeinsames Ruhen im Sand<\/figcaption><\/figure><p>Pferde, die in Herden leben, haben in ihrem Herdenverband eine Hierarchie, d.h. es gibt ranghohe und rangniedere Tiere. Jedes Individuum hat seinen festen Platz, den es f\u00fcr ein ausgeglichenes Nervenkost\u00fcm braucht. Die bestehende Rangordnung erf\u00fcllt auch sein Sicherheitsbed\u00fcrfnis.<br \/>Dem Reiter erleichtert die vorhandene Rangordnung den Umgang mit seinem Pferd, es hat gelernt dem Rangh\u00f6heren zu folgen.<\/p><p>Die gegenseitige Erziehung in der Herde darf in ihrer Wirkung nicht untersch\u00e4tzt werden.<\/p><p>So entspannt liegen Pferde nur in einer ausgeglichenen Herde zusammen.<\/p><h4>\u00a0<\/h4><h4>\u00a0<\/h4><h4>\u00a0<\/h4><h4>enger Kontakt<\/h4><figure id=\"attachment_402\" aria-describedby=\"caption-attachment-402\" style=\"width: 200px\" class=\"wp-caption alignright\"><img loading=\"lazy\" class=\"wp-image-402 size-medium\" src=\"http:\/\/aus-liebe-zum-pferd.de\/wp-content\/uploads\/2018\/03\/horses-3004645_1920-200x300.jpg\" alt=\"\" width=\"200\" height=\"300\" srcset=\"https:\/\/aus-liebe-zum-pferd.de\/wp-content\/uploads\/2018\/03\/horses-3004645_1920-200x300.jpg 200w, https:\/\/aus-liebe-zum-pferd.de\/wp-content\/uploads\/2018\/03\/horses-3004645_1920-768x1152.jpg 768w, https:\/\/aus-liebe-zum-pferd.de\/wp-content\/uploads\/2018\/03\/horses-3004645_1920-683x1024.jpg 683w, https:\/\/aus-liebe-zum-pferd.de\/wp-content\/uploads\/2018\/03\/horses-3004645_1920.jpg 1280w\" sizes=\"(max-width: 200px) 100vw, 200px\" \/><figcaption id=\"caption-attachment-402\" class=\"wp-caption-text\">gegenseitige Fellpflege<\/figcaption><\/figure><p>Zu einem intakten Sozialverh\u00e4ltnis geh\u00f6rt auch die gegenseitige Fellpflege. Dies ist Zeichen von gegenseitigem Vertrauen und der gef\u00fchlten Sicherheit in der Herde.<\/p><\/div>\n\t\t\t\t<\/div>\n\t\t\t\t<\/div>\n\t\t\t\t\t\t<\/div>\n\t\t\t\t\t<\/div>\n\t\t<\/div>\n\t\t\t\t\t\t\t\t<\/div>\n\t\t\t\t\t<\/div>\n\t\t<\/section>\n\t\t\t\t\t\t<\/div>\n\t\t\t\t\t\t<\/div>\n\t\t\t\t\t<\/div>\n\t\t","protected":false},"excerpt":{"rendered":"<div class=\"entry-summary\">\nSoziales Verhalten Entscheidend f\u00fcr die Gesunderhaltung des Herdentieres Pferd sind die Sozialkontakte. Das wird durch die Haltung in Gruppen mit Mitgliedern verschiedenen Alters und verschiedener Rassen sowie verschiedenen Geschlechts (au\u00dfer Hengsten) gew\u00e4hrleistet. Anders als in der Natur mu\u00df aber hier&hellip;\n<\/div>\n<div class=\"link-more\"><a href=\"https:\/\/aus-liebe-zum-pferd.de\/?page_id=159\" class=\"more-link\">Continue reading<span class=\"screen-reader-text\"> &ldquo;Sozialkontakte&rdquo;<\/span>&hellip;<\/a><\/div>\n","protected":false},"author":1,"featured_media":0,"parent":697,"menu_order":1,"comment_status":"closed","ping_status":"closed","template":"elementor_header_footer","meta":[],"_links":{"self":[{"href":"https:\/\/aus-liebe-zum-pferd.de\/index.php?rest_route=\/wp\/v2\/pages\/159"}],"collection":[{"href":"https:\/\/aus-liebe-zum-pferd.de\/index.php?rest_route=\/wp\/v2\/pages"}],"about":[{"href":"https:\/\/aus-liebe-zum-pferd.de\/index.php?rest_route=\/wp\/v2\/types\/page"}],"author":[{"embeddable":true,"href":"https:\/\/aus-liebe-zum-pferd.de\/index.php?rest_route=\/wp\/v2\/users\/1"}],"replies":[{"embeddable":true,"href":"https:\/\/aus-liebe-zum-pferd.de\/index.php?rest_route=%2Fwp%2Fv2%2Fcomments&post=159"}],"version-history":[{"count":71,"href":"https:\/\/aus-liebe-zum-pferd.de\/index.php?rest_route=\/wp\/v2\/pages\/159\/revisions"}],"predecessor-version":[{"id":965,"href":"https:\/\/aus-liebe-zum-pferd.de\/index.php?rest_route=\/wp\/v2\/pages\/159\/revisions\/965"}],"up":[{"embeddable":true,"href":"https:\/\/aus-liebe-zum-pferd.de\/index.php?rest_route=\/wp\/v2\/pages\/697"}],"wp:attachment":[{"href":"https:\/\/aus-liebe-zum-pferd.de\/index.php?rest_route=%2Fwp%2Fv2%2Fmedia&parent=159"}],"curies":[{"name":"wp","href":"https:\/\/api.w.org\/{rel}","templated":true}]}}

<div data-elementor-type="wp-page" data-elementor-id="159" class="elementor elementor-159" data-elementor-settings="[]">
						<div class="elementor-inner">
							<div class="elementor-section-wrap">
							<section class="elementor-section elementor-top-section elementor-element elementor-element-44939493 elementor-section-boxed elementor-section-height-default elementor-section-height-default" data-id="44939493" data-element_type="section">
						<div class="elementor-container elementor-column-gap-default">
							<div class="elementor-row">
					<div class="elementor-column elementor-col-100 elementor-top-column elementor-element elementor-element-4fad3260" data-id="4fad3260" data-element_type="column">
			<div class="elementor-column-wrap elementor-element-populated">
							<div class="elementor-widget-wrap">
						<div class="elementor-element elementor-element-73c25400 elementor-widget elementor-widget-text-editor" data-id="73c25400" data-element_type="widget" data-widget_type="text-editor.default">
				<div class="elementor-widget-container">
					<div class="elementor-text-editor elementor-clearfix"><h4>Soziales Verhalten</h4><p>Entscheidend für die Gesunderhaltung des Herdentieres Pferd sind die Sozialkontakte. Das wird durch die Haltung in Gruppen mit Mitgliedern verschiedenen Alters und verschiedener Rassen sowie verschiedenen Geschlechts (außer Hengsten) gewährleistet. Anders als in der Natur muß aber hier der Mensch Einfluß auf die Zusammenstellung der Gruppe nehmen. Kommt ein neues Pferd in die Herde, muß es sich zuerst bekannt machen und wird von jedem erst mal begutachtet.</p><p>Der Stallmanager ist daher besonders gefordert eine möglichst optimale Gruppenzusammensetzung zu erreichen. Dabei ist die benötigte Futtermenge nur ein kleiner Bestandteil der Überlegungen. Wichtig ist vor allem, daß die Pferde charakterlich zusammenpassen.</p><figure id="attachment_403" aria-describedby="caption-attachment-403" style="width: 450px" class="wp-caption alignright"><img loading="lazy" class="wp-image-403" src="http://aus-liebe-zum-pferd.de/wp-content/uploads/2018/03/wild-70249_1920-300x203.jpg" alt="" width="450" height="305" srcset="https://aus-liebe-zum-pferd.de/wp-content/uploads/2018/03/wild-70249_1920-300x203.jpg 300w, https://aus-liebe-zum-pferd.de/wp-content/uploads/2018/03/wild-70249_1920-768x520.jpg 768w, https://aus-liebe-zum-pferd.de/wp-content/uploads/2018/03/wild-70249_1920-1024x694.jpg 1024w, https://aus-liebe-zum-pferd.de/wp-content/uploads/2018/03/wild-70249_1920.jpg 1420w" sizes="(max-width: 450px) 100vw, 450px" /><figcaption id="caption-attachment-403" class="wp-caption-text">gegenseitiges Kennenlernen</figcaption></figure><h4> </h4><h4>Rangordnung</h4><p>Auf den großen Flächen können die Pferde ihrem Bewegungsbedürfnis bei gleichzeitig intensivem Sozialkontakt nachgehen. Sie nützen dabei die Gelegenheit  ihre Bewegungsmöglichkeiten zu testen. Gleichzeitig wird der Platz in der Rangordnung der Herde festgestellt.</p><h4> </h4><h4> </h4><h4>Sicherheit</h4><figure id="attachment_93" aria-describedby="caption-attachment-93" style="width: 1024px" class="wp-caption aligncenter"><img loading="lazy" class="wp-image-93 size-large" src="http://aus-liebe-zum-pferd.de/wp-content/uploads/2018/02/cropped-05-09-2011-13-7-1024x575.jpg" alt="" width="1024" height="575" srcset="https://aus-liebe-zum-pferd.de/wp-content/uploads/2018/02/cropped-05-09-2011-13-7-1024x575.jpg 1024w, https://aus-liebe-zum-pferd.de/wp-content/uploads/2018/02/cropped-05-09-2011-13-7-600x337.jpg 600w, https://aus-liebe-zum-pferd.de/wp-content/uploads/2018/02/cropped-05-09-2011-13-7-300x169.jpg 300w, https://aus-liebe-zum-pferd.de/wp-content/uploads/2018/02/cropped-05-09-2011-13-7-768x432.jpg 768w, https://aus-liebe-zum-pferd.de/wp-content/uploads/2018/02/cropped-05-09-2011-13-7.jpg 1920w" sizes="(max-width: 1024px) 100vw, 1024px" /><figcaption id="caption-attachment-93" class="wp-caption-text">entspannte Ruhe auf der Koppel</figcaption></figure><figure id="attachment_190" aria-describedby="caption-attachment-190" style="width: 440px" class="wp-caption alignright"><img loading="lazy" class="wp-image-190 size-full" src="http://aus-liebe-zum-pferd.de/wp-content/uploads/2018/03/ruhen3.jpg" alt="" width="440" height="586" srcset="https://aus-liebe-zum-pferd.de/wp-content/uploads/2018/03/ruhen3.jpg 440w, https://aus-liebe-zum-pferd.de/wp-content/uploads/2018/03/ruhen3-225x300.jpg 225w" sizes="(max-width: 440px) 100vw, 440px" /><figcaption id="caption-attachment-190" class="wp-caption-text">Gemeinsames Ruhen im Sand</figcaption></figure><p>Pferde, die in Herden leben, haben in ihrem Herdenverband eine Hierarchie, d.h. es gibt ranghohe und rangniedere Tiere. Jedes Individuum hat seinen festen Platz, den es für ein ausgeglichenes Nervenkostüm braucht. Die bestehende Rangordnung erfüllt auch sein Sicherheitsbedürfnis.<br />Dem Reiter erleichtert die vorhandene Rangordnung den Umgang mit seinem Pferd, es hat gelernt dem Ranghöheren zu folgen.</p><p>Die gegenseitige Erziehung in der Herde darf in ihrer Wirkung nicht unterschätzt werden.</p><p>So entspannt liegen Pferde nur in einer ausgeglichenen Herde zusammen.</p><h4> </h4><h4> </h4><h4> </h4><h4>enger Kontakt</h4><figure id="attachment_402" aria-describedby="caption-attachment-402" style="width: 200px" class="wp-caption alignright"><img loading="lazy" class="wp-image-402 size-medium" src="http://aus-liebe-zum-pferd.de/wp-content/uploads/2018/03/horses-3004645_1920-200x300.jpg" alt="" width="200" height="300" srcset="https://aus-liebe-zum-pferd.de/wp-content/uploads/2018/03/horses-3004645_1920-200x300.jpg 200w, https://aus-liebe-zum-pferd.de/wp-content/uploads/2018/03/horses-3004645_1920-768x1152.jpg 768w, https://aus-liebe-zum-pferd.de/wp-content/uploads/2018/03/horses-3004645_1920-683x1024.jpg 683w, https://aus-liebe-zum-pferd.de/wp-content/uploads/2018/03/horses-3004645_1920.jpg 1280w" sizes="(max-width: 200px) 100vw, 200px" /><figcaption id="caption-attachment-402" class="wp-caption-text">gegenseitige Fellpflege</figcaption></figure><p>Zu einem intakten Sozialverhältnis gehört auch die gegenseitige Fellpflege. Dies ist Zeichen von gegenseitigem Vertrauen und der gefühlten Sicherheit in der Herde.</p></div>
				</div>
				</div>
						</div>
					</div>
		</div>
								</div>
					</div>
		</section>
						</div>
						</div>
					</div>

<div class="entry-summary">
Soziales Verhalten Entscheidend für die Gesunderhaltung des Herdentieres Pferd sind die Sozialkontakte. Das wird durch die Haltung in Gruppen mit Mitgliedern verschiedenen Alters und verschiedener Rassen sowie verschiedenen Geschlechts (außer Hengsten) gewährleistet. Anders als in der Natur muß aber hier&hellip;
</div>
<div class="link-more"><a href="https://aus-liebe-zum-pferd.de/?page_id=159" class="more-link">Continue reading<span class="screen-reader-text"> &ldquo;Sozialkontakte&rdquo;</span>&hellip;</a></div>
